{"id":12310,"date":"2022-03-30T15:34:49","date_gmt":"2022-03-30T12:34:49","guid":{"rendered":"https:\/\/library.usm.md\/?page_id=12310"},"modified":"2025-04-07T16:06:48","modified_gmt":"2025-04-07T13:06:48","slug":"amplasare-harta","status":"publish","type":"page","link":"https:\/\/library.usm.md\/?page_id=12310","title":{"rendered":"Amplasare"},"content":{"rendered":"<h2 style=\"text-align: center;\">V\u0103 invit\u0103m la Biblioteca Central\u0103 a Universit\u0103\u021bii de Stat din Moldova<\/h2>\n<p><iframe src=\"https:\/\/drive.google.com\/file\/d\/1qgFwfLWLzxzO4lkdFo5LnhJnLdCoUdtR\/preview\" width=\"640\" height=\"480\"><\/iframe><br \/>\n<div class=\"dp-element dp-lite\"  data-slug=\"amplasarea-bibliotecii\" data-_slug=\"amplasarea-bibliotecii\" data-title=\"amplasarea-bibliotecii\" id=\"dp_13079\" data-option=\"dp_option_13079\" ><\/div><script class=\"dp-shortcode-script\" type=\"application\/javascript\">window.dp_option_13079 = {\"source\":\"https:\\\/\\\/library.usm.md\\\/wp-content\\\/uploads\\\/2025\\\/09\\\/Biblioteca-Centrala-a-Universitatii-de-Stat-din-Moldova-Ghid.pdf\",\"viewerType\":\"flipbook\",\"is3D\":false,\"slug\":\"amplasarea-bibliotecii\",\"id\":13079}; if(window.DEARPDF && window.DEARPDF.parseElements){window.DEARPDF.parseElements();}<\/script><\/p>\n","protected":false},"excerpt":{"rendered":"<p>V\u0103 invit\u0103m la Biblioteca Central\u0103 a Universit\u0103\u021bii de Stat din Moldova<\/p>\n","protected":false},"author":1,"featured_media":0,"parent":0,"menu_order":0,"comment_status":"closed","ping_status":"closed","template":"","meta":{"footnotes":""},"class_list":["post-12310","page","type-page","status-publish","hentry"],"rttpg_featured_image_url":null,"rttpg_author":{"display_name":"","author_link":"https:\/\/library.usm.md\/?author=1"},"rttpg_comment":0,"rttpg_category":null,"rttpg_excerpt":"V\u0103 invit\u0103m la Biblioteca Central\u0103 a Universit\u0103\u021bii de Stat din Moldova","_links":{"self":[{"href":"https:\/\/library.usm.md\/index.php?rest_route=\/wp\/v2\/pages\/12310","targetHints":{"allow":["GET"]}}],"collection":[{"href":"https:\/\/library.usm.md\/index.php?rest_route=\/wp\/v2\/pages"}],"about":[{"href":"https:\/\/library.usm.md\/index.php?rest_route=\/wp\/v2\/types\/page"}],"author":[{"embeddable":true,"href":"https:\/\/library.usm.md\/index.php?rest_route=\/wp\/v2\/users\/1"}],"replies":[{"embeddable":true,"href":"https:\/\/library.usm.md\/index.php?rest_route=%2Fwp%2Fv2%2Fcomments&post=12310"}],"version-history":[{"count":9,"href":"https:\/\/library.usm.md\/index.php?rest_route=\/wp\/v2\/pages\/12310\/revisions"}],"predecessor-version":[{"id":13461,"href":"https:\/\/library.usm.md\/index.php?rest_route=\/wp\/v2\/pages\/12310\/revisions\/13461"}],"wp:attachment":[{"href":"https:\/\/library.usm.md\/index.php?rest_route=%2Fwp%2Fv2%2Fmedia&parent=12310"}],"curies":[{"name":"wp","href":"https:\/\/api.w.org\/{rel}","templated":true}]}}