{"id":12288,"date":"2022-03-30T15:26:45","date_gmt":"2022-03-30T12:26:45","guid":{"rendered":"https:\/\/library.usm.md\/?page_id=12288"},"modified":"2025-04-07T16:23:39","modified_gmt":"2025-04-07T13:23:39","slug":"donatii","status":"publish","type":"page","link":"https:\/\/library.usm.md\/?page_id=12288","title":{"rendered":"Dona\u021bii"},"content":{"rendered":"<h1 style=\"text-align: center;\"><span style=\"color: #808000;\"><strong>Dona\u021bie valoroas\u0103 din partea \u00eenal\u021bilor oaspe\u021bi<\/strong><\/span><\/h1>\n<p><img fetchpriority=\"high\" decoding=\"async\" class=\"aligncenter size-large wp-image-13158\" src=\"https:\/\/library.usm.md\/wp-content\/uploads\/2023\/11\/8-1024x550.jpg\" alt=\"\" width=\"1024\" height=\"550\" \/><\/p>\n<p style=\"text-align: justify;\"><span style=\"color: #333333;\">La 14 noiembrie 2023 Majestatea Sa Margareta, Custodele Coroanei Rom\u00e2ne \u0219i Alte\u021bea Sa Regal\u0103 Principele Radu au vizitat Universitatea de Stat din Moldova, unde au avut o \u00eent\u00e2lnire cu membrii comunit\u0103\u021bii universitare.<\/span><\/p>\n<p style=\"text-align: justify;\"><span style=\"color: #333333;\">Vizita a fost prilejuit\u0103 \u0219i de transmiterea Bibliotecii Centrale Universitare a unei colec\u021bii de carte, acumulate pe parcursul anilor, care num\u0103r\u0103 peste 400 de documente. Colec\u021bia include c\u0103r\u021bi din diverse domenii, inclusiv, care ne vorbesc despre istoria Casei Regale, multiple albume de lux primite \u00een dar \u0219i care reprezint\u0103 diverse \u021b\u0103ri \u0219i ora\u0219e vizitate. Nu este prima dona\u021bie din partea Casei Regale. Dona\u021bia primit\u0103 va completa aceast\u0103 colec\u021bie, care se va p\u0103stra \u00een Biblioteca Central\u0103 USM cu statutul de \u201eColec\u021bie special\u0103\u201d.<\/span><\/p>\n<hr \/>\n<h1><\/h1>\n<h1 style=\"text-align: center;\"><span style=\"color: #808000;\"><strong>Chi\u0219in\u0103u \u2013 ora\u0219ul nostru drag\u2026<\/strong><\/span><\/h1>\n<p><img decoding=\"async\" class=\"aligncenter wp-image-13149 \" src=\"https:\/\/library.usm.md\/wp-content\/uploads\/2023\/10\/IMG-8709.jpg\" alt=\"\" width=\"530\" height=\"707\" \/><\/p>\n<p style=\"text-align: justify;\"><span style=\"color: #333333;\">Colec\u021biile Bibliotecii Centrale USM s-au completat recent cu o edi\u021bie de excep\u021bie, \u00een dou\u0103 volume, intitulat\u0103: <strong>Chi\u0219in\u0103u. Morile Timpului<\/strong>. Dona\u021bia a parvenit din partea autoarei &#8211; Aliona GRATI, doctor habilitat \u00een filologie, profesor universitar, Directorul \u0218colii Doctorale \u0218tiin\u021be Umaniste \u0219i ale Educa\u021biei.<\/span><\/p>\n<p style=\"text-align: justify;\"><span style=\"color: #333333;\"> Volumele respective reflect\u0103 istoria, biografia, ascensiunile \u0219i c\u0103derile, frumusetile, catastrofele \u0219i alte evenimente prin care a trecut \u0219i pe care le-a dep\u0103\u0219it cu mari sacrificii ora\u0219ul Chi\u0219inau. Aducem alese mul\u021bumiri autoarei pentru valoroasa dona\u021bie care, cu siguran\u021b\u0103, \u00ee\u0219i va g\u0103si locul bine meritat \u00een colec\u021biile Bibliotecii \u0219i utilizatorii interesa\u021bi.<\/span><\/p>\n<hr \/>\n<p>&nbsp;<\/p>\n<h1 style=\"text-align: center;\"><span style=\"color: #808000;\"><strong>Proiectul \u00a0\u201eRead Japan\u201d<\/strong><\/span><\/h1>\n<p><img decoding=\"async\" class=\"aligncenter size-full wp-image-13114\" src=\"https:\/\/library.usm.md\/wp-content\/uploads\/2023\/10\/4.jpg\" alt=\"\" width=\"1024\" height=\"683\" \/><\/p>\n<p><span style=\"color: #333333;\">Biblioteca Central\u0103 USM a primit o dona\u021bie de 58 de titluri de c\u0103r\u021bi din diverse domenii \u00een cadrul proiectului \u201eRead Japan\u201d, ini\u021biat de Funda\u021bia Nippon. Scopul proiectului este de a promova \u00een\u021belegerea mai profund\u0103 a Japoniei \u00a0\u00een \u00eentreaga lume prin c\u0103r\u021bi.<\/span><\/p>\n<p><span style=\"color: #333333;\">Aducem mul\u021bumiri Funda\u021biei Nippon \u0219i Ambasadei Japoniei \u00een Republica Moldova, exprim\u00e2ndu-ne \u00eencrederea, c\u0103 aceste c\u0103r\u021bi vor ocupa locul bine meritat \u00een colec\u021biile Bibliotecii Centrale USM \u0219i vor \u00eembog\u0103\u021bi cuno\u0219tin\u021bele tuturor celor interesa\u021bi de studiile japoneze \u0219i de cultura acestei frumoase \u021b\u0103ri.<\/span><\/p>\n<hr \/>\n<h1><\/h1>\n<h1 style=\"text-align: center;\"><span style=\"color: #808000;\"><strong>O nou\u0103 dona\u021bie, transmis<\/strong><strong>\u0103<\/strong><strong> Bibliotecii Centrale USM<\/strong><\/span><\/h1>\n<p style=\"text-align: justify;\"><img loading=\"lazy\" decoding=\"async\" class=\"aligncenter wp-image-13113 size-full\" src=\"https:\/\/library.usm.md\/wp-content\/uploads\/2023\/10\/20230915_121631.jpg\" alt=\"\" width=\"1024\" height=\"593\" \/><\/p>\n<p style=\"text-align: justify;\"><span style=\"color: #333333;\">Colec\u021bia Bibliotecii Centrale USM a fost completat\u0103 cu 7 titluri de monografii, care au fost elaborate \u0219i editate \u00een cadrul proiectului <strong><em>Patrimoniul academic universitar din RSS Moldoveneasc\u0103: investigarea \u0219i valorificarea bunelor practici<\/em><\/strong>.<\/span><\/p>\n<p style=\"text-align: justify;\"><span style=\"color: #333333;\">Volumele reflect\u0103 rezultatul cercet\u0103rilor, ce \u021bin de istoria \u0219i parcursul \u00eenv\u0103\u021b\u0103m\u00e2ntului superior din Republica Moldova. Lucr\u0103rile sunt adresate cercet\u0103torilor, studen\u021bilor, dar \u0219i publicului larg interesat.<\/span><\/p>\n<p style=\"text-align: justify;\"><span style=\"color: #333333;\">Aducem alese felicit\u0103ri \u0219i mul\u021bumiri autorilor pentru realiz\u0103rile frumoase \u0219i, \u00een special, dnei Liliana ROTARU, care a binevoit, cu mult\u0103 generozitate, s\u0103 aduc\u0103 \u00een dar Bibliotecii aceste volume, care vor \u00eembog\u0103\u021bi colec\u021bia din domeniul istoriei \u00eenv\u0103\u021b\u0103m\u00e2ntului.<\/span><\/p>\n<hr \/>\n<h1><\/h1>\n<h1 style=\"text-align: center;\"><span style=\"color: #808000;\"><strong>Noi monografii din domeniul \u0219tiin\u021belor juridice<\/strong><\/span><\/h1>\n<p><img loading=\"lazy\" decoding=\"async\" class=\"aligncenter wp-image-13112 size-large\" src=\"https:\/\/library.usm.md\/wp-content\/uploads\/2023\/10\/Donatie-Drept-1024x768.jpg\" alt=\"\" width=\"1024\" height=\"768\" \/><\/p>\n<p style=\"text-align: justify;\"><span style=\"color: #333333;\">Recent, Biblioteca Central\u0103 USM a beneficiat de o dona\u021bie din partea Facult\u0103\u021bii de Drept, constituit\u0103 din 3 monografii, ce \u021bin de teoria \u0219i practica \u0219tiin\u021bei dreptului penal. Prezentele monografii pot contribui la activitatea celor abilita\u021bi s\u0103 aplice legea penal\u0103, dar \u0219i a viitorilor practicieni \u2013 studen\u021bilor (ciclul licen\u021b\u0103, masterat) de la facult\u0103\u021bile de drept din institu\u021biile de \u00eenv\u0103\u021b\u0103m\u00e2nt superior.<\/span><\/p>\n<p style=\"text-align: justify;\"><span style=\"color: #333333;\">Apreciem gestul generos de dona\u021bie a lucr\u0103rilor Bibliotecii Centrale USM, care vor \u00eembog\u0103\u021bi colec\u021bia din domeniul \u0219tiin\u021belor juridice.<\/span><\/p>\n","protected":false},"excerpt":{"rendered":"<p>Dona\u021bie valoroas\u0103 din partea \u00eenal\u021bilor oaspe\u021bi La 14 noiembrie 2023 Majestatea Sa Margareta, Custodele Coroanei Rom\u00e2ne \u0219i Alte\u021bea Sa Regal\u0103 Principele Radu au vizitat Universitatea de Stat din Moldova, unde au avut o \u00eent\u00e2lnire cu membrii comunit\u0103\u021bii universitare. Vizita a fost prilejuit\u0103 \u0219i de transmiterea Bibliotecii Centrale Universitare a unei colec\u021bii de carte, acumulate pe&hellip; <br \/> <a class=\"read-more\" href=\"https:\/\/library.usm.md\/?page_id=12288\">Cite\u0219te mai mult<\/a><\/p>\n","protected":false},"author":1,"featured_media":0,"parent":0,"menu_order":0,"comment_status":"closed","ping_status":"closed","template":"","meta":{"footnotes":""},"class_list":["post-12288","page","type-page","status-publish","hentry"],"rttpg_featured_image_url":null,"rttpg_author":{"display_name":"","author_link":"https:\/\/library.usm.md\/?author=1"},"rttpg_comment":0,"rttpg_category":null,"rttpg_excerpt":"Dona\u021bie valoroas\u0103 din partea \u00eenal\u021bilor oaspe\u021bi La 14 noiembrie 2023 Majestatea Sa Margareta, Custodele Coroanei Rom\u00e2ne \u0219i Alte\u021bea Sa Regal\u0103 Principele Radu au vizitat Universitatea de Stat din Moldova, unde au avut o \u00eent\u00e2lnire cu membrii comunit\u0103\u021bii universitare. Vizita a fost prilejuit\u0103 \u0219i de transmiterea Bibliotecii Centrale Universitare a unei colec\u021bii de carte, acumulate pe&hellip;&hellip;","_links":{"self":[{"href":"https:\/\/library.usm.md\/index.php?rest_route=\/wp\/v2\/pages\/12288","targetHints":{"allow":["GET"]}}],"collection":[{"href":"https:\/\/library.usm.md\/index.php?rest_route=\/wp\/v2\/pages"}],"about":[{"href":"https:\/\/library.usm.md\/index.php?rest_route=\/wp\/v2\/types\/page"}],"author":[{"embeddable":true,"href":"https:\/\/library.usm.md\/index.php?rest_route=\/wp\/v2\/users\/1"}],"replies":[{"embeddable":true,"href":"https:\/\/library.usm.md\/index.php?rest_route=%2Fwp%2Fv2%2Fcomments&post=12288"}],"version-history":[{"count":9,"href":"https:\/\/library.usm.md\/index.php?rest_route=\/wp\/v2\/pages\/12288\/revisions"}],"predecessor-version":[{"id":13471,"href":"https:\/\/library.usm.md\/index.php?rest_route=\/wp\/v2\/pages\/12288\/revisions\/13471"}],"wp:attachment":[{"href":"https:\/\/library.usm.md\/index.php?rest_route=%2Fwp%2Fv2%2Fmedia&parent=12288"}],"curies":[{"name":"wp","href":"https:\/\/api.w.org\/{rel}","templated":true}]}}